{"id":8314,"date":"2020-04-07T13:58:31","date_gmt":"2020-04-07T12:58:31","guid":{"rendered":"https:\/\/the7.io\/business-advisors\/?page_id=9"},"modified":"2025-12-21T15:42:40","modified_gmt":"2025-12-21T14:42:40","slug":"beratungsleistung","status":"publish","type":"page","link":"https:\/\/adolas.de\/?page_id=8314","title":{"rendered":"Beratungsleistung"},"content":{"rendered":"\t\t<div data-elementor-type=\"wp-page\" data-elementor-id=\"8314\" class=\"elementor elementor-8314\">\n\t\t\t\t\t\t<section class=\"elementor-section elementor-top-section elementor-element elementor-element-1e7b0819 elementor-section-boxed elementor-section-height-default elementor-section-height-default\" data-id=\"1e7b0819\" data-element_type=\"section\">\n\t\t\t\t\t\t<div class=\"elementor-container elementor-column-gap-wider\">\n\t\t\t\t\t<div class=\"elementor-column elementor-col-100 elementor-top-column elementor-element elementor-element-4ca8953e\" data-id=\"4ca8953e\" data-element_type=\"column\">\n\t\t\t<div class=\"elementor-widget-wrap elementor-element-populated\">\n\t\t\t\t\t\t<div class=\"elementor-element elementor-element-ccf3083 elementor-widget elementor-widget-text-editor\" data-id=\"ccf3083\" data-element_type=\"widget\" data-widget_type=\"text-editor.default\">\n\t\t\t\t<div class=\"elementor-widget-container\">\n\t\t\t\t\t\t\t<h5><strong><img fetchpriority=\"high\" decoding=\"async\" class=\"alignright wp-image-11167\" src=\"https:\/\/adolas.de\/wp-content\/uploads\/2023\/01\/Alois_ML-300x242.jpg\" alt=\"\" width=\"350\" height=\"282\" srcset=\"https:\/\/adolas.de\/wp-content\/uploads\/2023\/01\/Alois_ML-300x242.jpg 300w, https:\/\/adolas.de\/wp-content\/uploads\/2023\/01\/Alois_ML.jpg 600w\" sizes=\"(max-width: 350px) 100vw, 350px\" \/>Die ADOLAS Consulting GmbH ber\u00e4t produzierende mittelst\u00e4ndische Unternehmen in folgenden Bereichen:<\/strong><\/h5><ul><li>Strategieentwicklung und Implementierung<\/li><li>Organisationsentwicklung<\/li><li>Prozessstrukturierung und Optimierung<\/li><li>Innovationsstrategien inklusive Patentstrategien<\/li><li>Projektmanagement<\/li><li>Risikomanagement<\/li><li>Kooperation, Akquisition oder Divestment<\/li><\/ul><div>\u00a0<\/div><div>\u00a0<\/div>\t\t\t\t\t\t<\/div>\n\t\t\t\t<\/div>\n\t\t\t\t<div class=\"elementor-element elementor-element-b636f0 elementor-widget elementor-widget-text-editor\" data-id=\"b636f0\" data-element_type=\"widget\" data-widget_type=\"text-editor.default\">\n\t\t\t\t<div class=\"elementor-widget-container\">\n\t\t\t\t\t\t\t<p>Prof. Dr. Hermann Simon beschreibt in seinem mittlerweile in der 3. Auflage erschienenem Bestseller \u201eHidden Champions\u201c die Erfolgsstrategien von meist mittelst\u00e4ndischen Weltmarktf\u00fchrern. Allen ist gemeinsam, dass sie einen hohen relativen Marktanteil in einer exakt definierten Nische halten und erfolgreich verteidigen, da sie sich durch Fokussierung auf ihre Kernkompetenzen von Mitbewerbern abheben.<\/p><p>F\u00fcr viele mittelst\u00e4ndische Unternehmen in der Prozessindustrie ist dies aber heute nicht die Realit\u00e4t. Gerade Firmen, die seit mehreren Jahrzehnten existieren, haben ihre F\u00e4higkeiten und ihr Portfolio oft sehr opportunistisch entwickelt. Was gerade Sinn machte und Erfolg versprach, wurde kurzfristig h\u00e4ufig sehr erfolgreich umgesetzt. Wurden Firmen zugekauft, so erfolgte oft keine wirkliche Konsolidierung der Prozesse und des Portfolios.\u00a0 Diese Strategie f\u00fchrt\u00a0 zu einer \u201ebreiten\u201c Aufstellung bzgl. Technologie und Portfolio mit jeweils sehr geringen Marktanteilen, was der \u201eengen und damit tiefen\u201c Aufstellung der Hidden Champions entgegen steht<\/p>\t\t\t\t\t\t<\/div>\n\t\t\t\t<\/div>\n\t\t\t\t\t<\/div>\n\t\t<\/div>\n\t\t\t\t\t<\/div>\n\t\t<\/section>\n\t\t\t\t<section class=\"elementor-section elementor-top-section elementor-element elementor-element-614977af elementor-section-boxed elementor-section-height-default elementor-section-height-default\" data-id=\"614977af\" data-element_type=\"section\">\n\t\t\t\t\t\t<div class=\"elementor-container elementor-column-gap-wider\">\n\t\t\t\t\t<div class=\"elementor-column elementor-col-100 elementor-top-column elementor-element elementor-element-6604df4e\" data-id=\"6604df4e\" data-element_type=\"column\">\n\t\t\t<div class=\"elementor-widget-wrap elementor-element-populated\">\n\t\t\t\t\t\t<div class=\"elementor-element elementor-element-13d67b88 elementor-widget elementor-widget-image\" data-id=\"13d67b88\" data-element_type=\"widget\" data-widget_type=\"image.default\">\n\t\t\t\t<div class=\"elementor-widget-container\">\n\t\t\t\t\t\t\t\t\t\t\t\t\t<img decoding=\"async\" src=\"https:\/\/adolas.de\/wp-content\/uploads\/elementor\/thumbs\/Beratung01-pyq02fhg0ltt9zhpvju7rhirpwrk79ivnwdh61p85k.jpg\" title=\"Beratung01\" alt=\"Beratung01\" loading=\"lazy\" \/>\t\t\t\t\t\t\t\t\t\t\t\t\t<\/div>\n\t\t\t\t<\/div>\n\t\t\t\t\t<\/div>\n\t\t<\/div>\n\t\t\t\t\t<\/div>\n\t\t<\/section>\n\t\t\t\t<section class=\"elementor-section elementor-top-section elementor-element elementor-element-7a3240af elementor-section-boxed elementor-section-height-default elementor-section-height-default\" data-id=\"7a3240af\" data-element_type=\"section\">\n\t\t\t\t\t\t<div class=\"elementor-container elementor-column-gap-wider\">\n\t\t\t\t\t<div class=\"elementor-column elementor-col-100 elementor-top-column elementor-element elementor-element-1a6d9b3e\" data-id=\"1a6d9b3e\" data-element_type=\"column\">\n\t\t\t<div class=\"elementor-widget-wrap elementor-element-populated\">\n\t\t\t\t\t\t<div class=\"elementor-element elementor-element-3a9c3abb elementor-widget elementor-widget-text-editor\" data-id=\"3a9c3abb\" data-element_type=\"widget\" data-widget_type=\"text-editor.default\">\n\t\t\t\t<div class=\"elementor-widget-container\">\n\t\t\t\t\t\t\tDie Strategie des opportunistischen Ansatzes basiert meist auf guter Kostenbasis durch schlanke Strukturen oder r\u00e4umlicher Kundenn\u00e4he. Leider geraten gerade diese Ans\u00e4tze in den letzten Jahren zunehmend unter Druck, da z.B. im Zuge der Globalisierung viele Anbieter aus Niedriglohnl\u00e4nder genau den gleichen Gesch\u00e4ftsansatz fahren und durch globale Vernetzung und Logistik in vielen F\u00e4llen auch in heimische M\u00e4rkte eindringen. Steigende Rohstoff-, Lohn- und Energiekosten verringern zudem die M\u00f6glichkeiten auf diese Konkurrenz zu reagieren. H\u00e4ufig wandern aber auch die Kunden in Niedriglohnl\u00e4nder ab, wodurch der Vorteil der r\u00e4umlichen N\u00e4he verloren geht und lokale Konkurrenten an Bedeutung gewinnen.\t\t\t\t\t\t<\/div>\n\t\t\t\t<\/div>\n\t\t\t\t\t<\/div>\n\t\t<\/div>\n\t\t\t\t\t<\/div>\n\t\t<\/section>\n\t\t\t\t<section class=\"elementor-section elementor-top-section elementor-element elementor-element-2a82e3f elementor-section-height-min-height elementor-section-items-stretch elementor-section-content-middle elementor-section-boxed elementor-section-height-default\" data-id=\"2a82e3f\" data-element_type=\"section\">\n\t\t\t\t\t\t<div class=\"elementor-container elementor-column-gap-wider\">\n\t\t\t\t\t<div class=\"elementor-column elementor-col-50 elementor-top-column elementor-element elementor-element-8881184\" data-id=\"8881184\" data-element_type=\"column\">\n\t\t\t<div class=\"elementor-widget-wrap elementor-element-populated\">\n\t\t\t\t\t\t<div class=\"elementor-element elementor-element-173ac22 elementor-widget__width-initial elementor-widget-mobile__width-auto elementor-widget elementor-widget-image\" data-id=\"173ac22\" data-element_type=\"widget\" data-widget_type=\"image.default\">\n\t\t\t\t<div class=\"elementor-widget-container\">\n\t\t\t\t\t\t\t\t\t\t\t\t\t<img decoding=\"async\" src=\"https:\/\/adolas.de\/wp-content\/uploads\/elementor\/thumbs\/process02-pyq0ofvcu39iatepy3kapzq1rgrkfojzdypmqnqyog.jpg\" title=\"process02\" alt=\"process02\" loading=\"lazy\" \/>\t\t\t\t\t\t\t\t\t\t\t\t\t<\/div>\n\t\t\t\t<\/div>\n\t\t\t\t<div class=\"elementor-element elementor-element-e836c8e elementor-widget__width-initial elementor-widget-mobile__width-auto elementor-absolute e-transform e-transform elementor-widget elementor-widget-image\" data-id=\"e836c8e\" data-element_type=\"widget\" data-settings=\"{&quot;_position&quot;:&quot;absolute&quot;,&quot;_transform_translateX_effect&quot;:{&quot;unit&quot;:&quot;%&quot;,&quot;size&quot;:18,&quot;sizes&quot;:[]},&quot;_transform_translateX_effect_tablet&quot;:{&quot;unit&quot;:&quot;%&quot;,&quot;size&quot;:&quot;&quot;,&quot;sizes&quot;:[]},&quot;_transform_translateX_effect_mobile&quot;:{&quot;unit&quot;:&quot;%&quot;,&quot;size&quot;:&quot;&quot;,&quot;sizes&quot;:[]},&quot;_transform_translateY_effect&quot;:{&quot;unit&quot;:&quot;%&quot;,&quot;size&quot;:-18,&quot;sizes&quot;:[]},&quot;_transform_translateY_effect_tablet&quot;:{&quot;unit&quot;:&quot;%&quot;,&quot;size&quot;:&quot;&quot;,&quot;sizes&quot;:[]},&quot;_transform_translateY_effect_mobile&quot;:{&quot;unit&quot;:&quot;%&quot;,&quot;size&quot;:&quot;&quot;,&quot;sizes&quot;:[]},&quot;_transform_scale_effect&quot;:{&quot;unit&quot;:&quot;px&quot;,&quot;size&quot;:0.6,&quot;sizes&quot;:[]},&quot;_transform_scale_effect_tablet&quot;:{&quot;unit&quot;:&quot;px&quot;,&quot;size&quot;:&quot;&quot;,&quot;sizes&quot;:[]},&quot;_transform_scale_effect_mobile&quot;:{&quot;unit&quot;:&quot;px&quot;,&quot;size&quot;:&quot;&quot;,&quot;sizes&quot;:[]}}\" data-widget_type=\"image.default\">\n\t\t\t\t<div class=\"elementor-widget-container\">\n\t\t\t\t\t\t\t\t\t\t\t\t\t<img decoding=\"async\" src=\"https:\/\/adolas.de\/wp-content\/uploads\/elementor\/thumbs\/sqr0121-col1-pzg9w3z186ktlwbj98v9jq82hkppbl1lfah81kl15c.png\" title=\"sqr0121-col1\" alt=\"sqr0121-col1\" loading=\"lazy\" \/>\t\t\t\t\t\t\t\t\t\t\t\t\t<\/div>\n\t\t\t\t<\/div>\n\t\t\t\t\t<\/div>\n\t\t<\/div>\n\t\t\t\t<div class=\"elementor-column elementor-col-50 elementor-top-column elementor-element elementor-element-e51666c\" data-id=\"e51666c\" data-element_type=\"column\">\n\t\t\t<div class=\"elementor-widget-wrap elementor-element-populated\">\n\t\t\t\t\t\t<div class=\"elementor-element elementor-element-3c74ade elementor-widget elementor-widget-spacer\" data-id=\"3c74ade\" data-element_type=\"widget\" data-widget_type=\"spacer.default\">\n\t\t\t\t<div class=\"elementor-widget-container\">\n\t\t\t\t\t<div class=\"elementor-spacer\">\n\t\t\t<div class=\"elementor-spacer-inner\"><\/div>\n\t\t<\/div>\n\t\t\t\t<\/div>\n\t\t\t\t<\/div>\n\t\t\t\t<div class=\"elementor-element elementor-element-a42a996 elementor-widget elementor-widget-text-editor\" data-id=\"a42a996\" data-element_type=\"widget\" data-widget_type=\"text-editor.default\">\n\t\t\t\t<div class=\"elementor-widget-container\">\n\t\t\t\t\t\t\t<p>Viele Unternehmen stehen nun vor einem Umbruch und m\u00fcssen sich ver\u00e4ndern und neu orientieren. Wir unterst\u00fctzen Sie dabei, indem wir Sie von der Analyse \u00fcber die Planung bis zur Implementierung begleiten. Neben der generellen Neuausrichtung liegt unser Fokus als Beratungsgesellschaft dabei insbesondere auf der Innovation des Produktportfolios mit technisch hochwertigen, der Konkurrenz \u00fcberlegenen Produkten, die im Idealfall patentgesch\u00fctzt sind. Bei allen diesen Schritten begleiten wir Sie mit unserem in 25 Jahren Praxis gewonnenen Wissen, das sich in Prozessen, Templates und vor allem konsequentem Projektmanagement wiederfindet.<\/p>\t\t\t\t\t\t<\/div>\n\t\t\t\t<\/div>\n\t\t\t\t<div class=\"elementor-element elementor-element-4f3159a elementor-widget elementor-widget-spacer\" data-id=\"4f3159a\" data-element_type=\"widget\" data-widget_type=\"spacer.default\">\n\t\t\t\t<div class=\"elementor-widget-container\">\n\t\t\t\t\t<div class=\"elementor-spacer\">\n\t\t\t<div class=\"elementor-spacer-inner\"><\/div>\n\t\t<\/div>\n\t\t\t\t<\/div>\n\t\t\t\t<\/div>\n\t\t\t\t\t<\/div>\n\t\t<\/div>\n\t\t\t\t\t<\/div>\n\t\t<\/section>\n\t\t\t\t<section class=\"elementor-section elementor-top-section elementor-element elementor-element-42152f53 elementor-section-boxed elementor-section-height-default elementor-section-height-default\" data-id=\"42152f53\" data-element_type=\"section\">\n\t\t\t\t\t\t<div class=\"elementor-container elementor-column-gap-wider\">\n\t\t\t\t\t<div class=\"elementor-column elementor-col-100 elementor-top-column elementor-element elementor-element-60fcfc8e\" data-id=\"60fcfc8e\" data-element_type=\"column\">\n\t\t\t<div class=\"elementor-widget-wrap elementor-element-populated\">\n\t\t\t\t\t\t<div class=\"elementor-element elementor-element-32c05f8 elementor-widget elementor-widget-text-editor\" data-id=\"32c05f8\" data-element_type=\"widget\" data-widget_type=\"text-editor.default\">\n\t\t\t\t<div class=\"elementor-widget-container\">\n\t\t\t\t\t\t\t<p>In der <strong><u>Analysephase<\/u><\/strong> werden nicht nur die technologischen F\u00e4higkeiten des Kunden ber\u00fccksichtigt, sondern insbesondere das Wettbewerbsumfeld und die Prognose zuk\u00fcnftiger Trends. Die Analyse dieser komplexen Gegebenheiten wird durch Templates strukturiert und visualisiert. Die daraus abgeleiteten Fokusgebiete werden auf einige wenige umsetzungsrelevante Punkte fokussiert.<\/p><ul><li>Analyse der eigenen Positionierung und F\u00e4higkeiten nach PETICA<\/li><li>Wettbewerbsanalyse nach PETICA<\/li><li>Marktsegmentanalyse nach Trends<\/li><li>Patentanalyse des Wettbewerbs<\/li><\/ul><p>In der <strong><u>Planungsphase<\/u><\/strong> erfolgt eine detaillierte Ressourcenplanung, die insbesondere folgende Komponenten ber\u00fccksichtigt<\/p><ul><li>Investitionsbedarf in F&amp;E, Verf\u00fcgbarkeit der Ressourcen und des Know-hows<\/li><li>\u00dcbertragung in die Produktion<\/li><li>Marktzugang<\/li><li>Patentstrategie<\/li><li>Entscheidungsmatrizen nach finanziellen Kriterien<\/li><\/ul><p>In der <strong><u>Umsetzungsphase<\/u><\/strong> begleiten wir mit<\/p><ul><li>Implementierung in die Linienorganisation<\/li><li>Stringentes Projektmanagement inkl. Projektcontrolling<\/li><li>Korrekturma\u00dfnahmen wo notwendig<\/li><\/ul><p>Durch unsere gute Vernetzung in der chemischen Industrie sind wir auch in der Lage bei Bedarf geeignete Kooperationspartner zu suchen oder auch weitergehend bei Akquisitionen oder Divestment zu unterst\u00fctzen.<\/p>\t\t\t\t\t\t<\/div>\n\t\t\t\t<\/div>\n\t\t\t\t\t<\/div>\n\t\t<\/div>\n\t\t\t\t\t<\/div>\n\t\t<\/section>\n\t\t\t\t<section class=\"elementor-section elementor-top-section elementor-element elementor-element-44a9fe75 elementor-section-boxed elementor-section-height-default elementor-section-height-default\" data-id=\"44a9fe75\" data-element_type=\"section\">\n\t\t\t\t\t\t<div class=\"elementor-container elementor-column-gap-wider\">\n\t\t\t\t\t<div class=\"elementor-column elementor-col-100 elementor-top-column elementor-element elementor-element-48755f1e\" data-id=\"48755f1e\" data-element_type=\"column\">\n\t\t\t<div class=\"elementor-widget-wrap\">\n\t\t\t\t\t\t\t<\/div>\n\t\t<\/div>\n\t\t\t\t\t<\/div>\n\t\t<\/section>\n\t\t\t\t<\/div>\n\t\t","protected":false},"excerpt":{"rendered":"<p>Die ADOLAS Consulting GmbH ber\u00e4t produzierende mittelst\u00e4ndische Unternehmen in folgenden Bereichen: Strategieentwicklung und Implementierung Organisationsentwicklung Prozessstrukturierung und Optimierung Innovationsstrategien inklusive Patentstrategien Projektmanagement Risikomanagement Kooperation, Akquisition oder Divestment \u00a0\u00a0 Prof. Dr. Hermann Simon beschreibt in seinem mittlerweile in der 3. Auflage erschienenem Bestseller \u201eHidden Champions\u201c die Erfolgsstrategien von meist mittelst\u00e4ndischen Weltmarktf\u00fchrern. Allen ist gemeinsam, dass sie&hellip;<\/p>\n","protected":false},"author":1,"featured_media":0,"parent":0,"menu_order":4,"comment_status":"closed","ping_status":"closed","template":"","meta":{"footnotes":""},"class_list":["post-8314","page","type-page","status-publish","hentry"],"_links":{"self":[{"href":"https:\/\/adolas.de\/index.php?rest_route=\/wp\/v2\/pages\/8314","targetHints":{"allow":["GET"]}}],"collection":[{"href":"https:\/\/adolas.de\/index.php?rest_route=\/wp\/v2\/pages"}],"about":[{"href":"https:\/\/adolas.de\/index.php?rest_route=\/wp\/v2\/types\/page"}],"author":[{"embeddable":true,"href":"https:\/\/adolas.de\/index.php?rest_route=\/wp\/v2\/users\/1"}],"replies":[{"embeddable":true,"href":"https:\/\/adolas.de\/index.php?rest_route=%2Fwp%2Fv2%2Fcomments&post=8314"}],"version-history":[{"count":73,"href":"https:\/\/adolas.de\/index.php?rest_route=\/wp\/v2\/pages\/8314\/revisions"}],"predecessor-version":[{"id":11744,"href":"https:\/\/adolas.de\/index.php?rest_route=\/wp\/v2\/pages\/8314\/revisions\/11744"}],"wp:attachment":[{"href":"https:\/\/adolas.de\/index.php?rest_route=%2Fwp%2Fv2%2Fmedia&parent=8314"}],"curies":[{"name":"wp","href":"https:\/\/api.w.org\/{rel}","templated":true}]}}