{"id":2592,"date":"2020-04-21T10:23:48","date_gmt":"2020-04-21T09:23:48","guid":{"rendered":"https:\/\/the7.io\/business-advisors\/?page_id=2592"},"modified":"2023-02-07T19:19:18","modified_gmt":"2023-02-07T18:19:18","slug":"merger-acquisition","status":"publish","type":"page","link":"https:\/\/adolas.de\/?page_id=2592","title":{"rendered":"Merger &#038; Akquisition"},"content":{"rendered":"\t\t<div data-elementor-type=\"wp-page\" data-elementor-id=\"2592\" class=\"elementor elementor-2592\">\n\t\t\t\t\t\t<section class=\"elementor-section elementor-top-section elementor-element elementor-element-9e597f2 elementor-section-height-min-height elementor-section-items-stretch elementor-section-content-middle elementor-section-boxed elementor-section-height-default\" data-id=\"9e597f2\" data-element_type=\"section\" data-settings=\"{&quot;background_background&quot;:&quot;classic&quot;}\">\n\t\t\t\t\t\t<div class=\"elementor-container elementor-column-gap-wider\">\n\t\t\t\t\t<div class=\"elementor-column elementor-col-100 elementor-top-column elementor-element elementor-element-f2e507a\" data-id=\"f2e507a\" data-element_type=\"column\" data-settings=\"{&quot;background_background&quot;:&quot;classic&quot;}\">\n\t\t\t<div class=\"elementor-widget-wrap elementor-element-populated\">\n\t\t\t\t\t\t<div class=\"elementor-element elementor-element-3983eba elementor-widget elementor-widget-text-editor\" data-id=\"3983eba\" data-element_type=\"widget\" data-widget_type=\"text-editor.default\">\n\t\t\t\t<div class=\"elementor-widget-container\">\n\t\t\t\t\t\t\t<p><img fetchpriority=\"high\" decoding=\"async\" class=\"alignright wp-image-11184\" src=\"https:\/\/adolas.de\/wp-content\/uploads\/2023\/01\/Andreas_Alois_ML.jpg\" alt=\"\" width=\"500\" height=\"337\" srcset=\"https:\/\/adolas.de\/wp-content\/uploads\/2023\/01\/Andreas_Alois_ML.jpg 1200w, https:\/\/adolas.de\/wp-content\/uploads\/2023\/01\/Andreas_Alois_ML-300x202.jpg 300w, https:\/\/adolas.de\/wp-content\/uploads\/2023\/01\/Andreas_Alois_ML-1024x690.jpg 1024w, https:\/\/adolas.de\/wp-content\/uploads\/2023\/01\/Andreas_Alois_ML-768x518.jpg 768w\" sizes=\"(max-width: 500px) 100vw, 500px\" \/><\/p><p>Das aktuelle globale wirtschaftliche Umfeld ist gepr\u00e4gt von hoher Unsicherheit und sich schnell \u00e4ndernden Rahmenbedingungen. Pandemie, erodierende globale Lieferketten, Fachkr\u00e4ftemangel, steigende Energie- und Personalkosten sind nur einige der aktuellen Schwierigkeiten, mit denen Unternehmen k\u00e4mpfen. F\u00fcr viele produzierende mittelst\u00e4ndische Unternehmen in der Prozessindustrie ergibt sich die Notwendigkeit einer Neuorientierung die zu folgenden Entscheidungen f\u00fchren kann:<\/p><ul><li>Suche nach einem Kooperationspartner, um notwendige Ver\u00e4nderungen z.B. technologischer Art schneller und zielgerichteter vornehmen zu k\u00f6nnen<\/li><li>Entscheidung zum Verkauf des Unternehmens oder von Unternehmensteilen<\/li><li>Zukauf von Unternehmen oder Unternehmensteilen<\/li><\/ul><p>Es gibt viele M&amp;A Beratungen, die Sie in diesem Prozess begleiten k\u00f6nnen &#8211; warum sollten Sie sich an die ADOLAS Consulting GmbH wenden?<\/p><p>Ganz einfach, weil wir anders vorgehen!<\/p><ol><li>Wir fokussieren uns ausschlie\u00dflich auf strategische Investoren, da es uns um Synergien des verkauften und des kaufenden Unternehmens geht. MBO, MBI und Finanzinvestoren sind <u>nicht<\/u> unser Fokus.<\/li><li>Wir stecken viel Energie in die Analyse potentieller K\u00e4ufer oder Verk\u00e4ufer. Wir erarbeiten eine Strategie f\u00fcr Ihr Unternehmen oder den Unternehmensteil, die notwendige Ver\u00e4nderungen erfasst und abgleicht, welche externen Unternehmen diese Ver\u00e4nderungen voranbringen k\u00f6nnen. Dabei kann es um Synergien bzgl. Technologie oder Markt gehen oder um regionale Abdeckung etc. So entsteht eine qualitativ hochwertige Shortlist von Kandidaten (K\u00e4ufer oder Verk\u00e4ufer), die sehr gezielt und unter Erkl\u00e4rung der individuellen strategischen Vorteile angegangen werden kann. Die intensive Besch\u00e4ftigung mit dem Markt erzeugt Klasse statt Masse, womit Massenansprachen und breite Streuung von Teasern vermieden werden.<\/li><li>Die Teammitglieder der ADOLAS Consulting GmbH haben als Gesch\u00e4ftsf\u00fchrer oder Vorst\u00e4nde selbst zahlreiche Akquisitionsprojekte im internationalen Umfeld durchgef\u00fchrt und kennen die Anspr\u00fcche eines K\u00e4ufers sehr gut. Au\u00dferdem verf\u00fcgen sie \u00fcber ein hervorragendes fachliches Netzwerk innerhalb der Branchen Chemie, Pharmazie und Lebensmittelproduktion<\/li><li>Der ADOLAS Consulting GmbH steht eine umfangreiche Datenbank im Bereich Chemie, Biochemie und Pharma zur Verf\u00fcgung, die laufend erg\u00e4nzt wird.<\/li><\/ol><p>Unsere Leistung erstreckt sich zun\u00e4chst auf:<\/p><ul><li>Analyse des zur Disposition stehenden Gesch\u00e4ftes und Erarbeitung von strategischen Optionen<\/li><li>Analyse des Marktumfeldes und m\u00f6glicher K\u00e4ufer (oder Verk\u00e4ufer)<\/li><li>Erstellung einer Long List<\/li><li>Ansprache der Kandidaten mit einer strategischen Begr\u00fcndung in Form eines individuellen Teasers<\/li><li>Erstellung der Shortlist<\/li><\/ul><p>Falls weitere Leistungen wie Erstellen Memorandum, Due Diligence, rechtliche Beratung oder gesamte Deal Abwicklung gew\u00fcnscht sind, f\u00fchren wir diese zusammen mit unserem Partner durch.<\/p><p><img decoding=\"async\" class=\"alignleft wp-image-11363\" src=\"https:\/\/adolas.de\/wp-content\/uploads\/2023\/02\/CHRCF-Logo-2-co.jpg\" alt=\"\" width=\"500\" height=\"107\" srcset=\"https:\/\/adolas.de\/wp-content\/uploads\/2023\/02\/CHRCF-Logo-2-co.jpg 600w, https:\/\/adolas.de\/wp-content\/uploads\/2023\/02\/CHRCF-Logo-2-co-300x64.jpg 300w\" sizes=\"(max-width: 500px) 100vw, 500px\" \/><\/p><p>C\u25aaH\u25aaReynolds ist eine auf mittelgro\u00dfe Transaktionen fokussierte Corporate-Finance-Beratungsgesellschaft.<\/p><p>Mit langj\u00e4hriger Transaktionserfahrung, Sektorexpertise und starken internationalen Partnern unterst\u00fctzt C\u25aaH\u25aaReynolds mittelst\u00e4ndische Unternehmer, Finanzinvestoren und Konzerne seit 1998 erfolgreich bei der Durchf\u00fchrung von Unternehmenstransaktionen.<\/p>\t\t\t\t\t\t<\/div>\n\t\t\t\t<\/div>\n\t\t\t\t\t<\/div>\n\t\t<\/div>\n\t\t\t\t\t<\/div>\n\t\t<\/section>\n\t\t\t\t<\/div>\n\t\t","protected":false},"excerpt":{"rendered":"<p>Das aktuelle globale wirtschaftliche Umfeld ist gepr\u00e4gt von hoher Unsicherheit und sich schnell \u00e4ndernden Rahmenbedingungen. Pandemie, erodierende globale Lieferketten, Fachkr\u00e4ftemangel, steigende Energie- und Personalkosten sind nur einige der aktuellen Schwierigkeiten, mit denen Unternehmen k\u00e4mpfen. F\u00fcr viele produzierende mittelst\u00e4ndische Unternehmen in der Prozessindustrie ergibt sich die Notwendigkeit einer Neuorientierung die zu folgenden Entscheidungen f\u00fchren kann: Suche&hellip;<\/p>\n","protected":false},"author":1,"featured_media":0,"parent":0,"menu_order":8,"comment_status":"closed","ping_status":"closed","template":"","meta":{"footnotes":""},"class_list":["post-2592","page","type-page","status-publish","hentry"],"_links":{"self":[{"href":"https:\/\/adolas.de\/index.php?rest_route=\/wp\/v2\/pages\/2592","targetHints":{"allow":["GET"]}}],"collection":[{"href":"https:\/\/adolas.de\/index.php?rest_route=\/wp\/v2\/pages"}],"about":[{"href":"https:\/\/adolas.de\/index.php?rest_route=\/wp\/v2\/types\/page"}],"author":[{"embeddable":true,"href":"https:\/\/adolas.de\/index.php?rest_route=\/wp\/v2\/users\/1"}],"replies":[{"embeddable":true,"href":"https:\/\/adolas.de\/index.php?rest_route=%2Fwp%2Fv2%2Fcomments&post=2592"}],"version-history":[{"count":68,"href":"https:\/\/adolas.de\/index.php?rest_route=\/wp\/v2\/pages\/2592\/revisions"}],"predecessor-version":[{"id":11527,"href":"https:\/\/adolas.de\/index.php?rest_route=\/wp\/v2\/pages\/2592\/revisions\/11527"}],"wp:attachment":[{"href":"https:\/\/adolas.de\/index.php?rest_route=%2Fwp%2Fv2%2Fmedia&parent=2592"}],"curies":[{"name":"wp","href":"https:\/\/api.w.org\/{rel}","templated":true}]}}